d**2 + 6*d + 3. Let x be m(5). Let j(g) = g**3 + 6*g**2 - 18*g + 4. Let l be j(-8). Calculate the highest common factor of x and l.
4
Suppose -83 - 1 = -6*j. Let q = 86 - j. What is the highest common divisor of 48 and q?
24
Let f be (0 + 1)*78/(-26) - -60. What is the greatest common factor of 133 and f?
19
Let m(l) = 88*l - 3. Let t(g) = 2*g + 1. Let x be t(1). Let o be m(x). Let s = 13 - -16. Calculate the greatest common divisor of s and o.
29
Suppose 0 = 2*w - k - 1, 3*w + 5 = -4*k - k. Let o be (-6)/(-3) - w - (-5 + 4). What is the highest common factor of o and 9?
3
Suppose -2*l = -h + 2*l - 17, 5*h + l - 20 = 0. Suppose a - 3*t = 13, 0 = 4*t + 12. Suppose 16 = -h*k + a*k. What is the greatest common divisor of 176 and k?
16
Let k be (-1 - (-4 - 9)) + (-4)/1. Calculate the greatest common factor of 4 and k.
4
Let f be (10 + 295/(-25))/(2/(-50)). What is the greatest common factor of 30 and f?
15
Suppose 0 = 4*m - y + 267 - 1150, -454 = -2*m - 2*y. Calculate the highest common factor of 777 and m.
111
Let j = -196 + 242. Calculate the greatest common factor of 69 and j.
23
Let c = 29 - 18. Let z = c + -5. Suppose z*o - 550 = o. Calculate the highest common divisor of o and 44.
22
Let x be 9/12*((13 - 2) + 13). Let v be (2 - 2 - 1)*-75. Suppose 5*w - 105 = v. Calculate the highest common factor of x and w.
18
Suppose 0 = 4*n + y - 19, -4*n + y = -10 - 3. Let b = 754 - 710. Calculate the highest common factor of b and n.
4
Let m(f) = -6*f - 50. Let y be m(-22). What is the greatest common factor of 41 and y?
41
Let g(x) = -147*x + 3. Let a be g(-2). Suppose 15*f - 13*f - k - 63 = 0, -4*f + 147 = 5*k. Calculate the highest common divisor of f and a.
33
Let h be ((-864)/(-60) + -14)/((-1)/(-10)). What is the greatest common factor of h and 192?
4
Suppose 9*c - 4*c = 65. Let r(o) = 2*o + 1. Let s be r(1). Let y = 10 + s. What is the greatest common divisor of c and y?
13
Let r be (9 - 2)/(-7)*-166. Let t = 22 - 31. Let q = r - t. What is the greatest common factor of 25 and q?
25
Let r = -151 - -217. Suppose 2*c = c - p + r, 276 = 4*c - 2*p. What is the greatest common factor of c and 476?
68
Suppose 0 = -4*z - 3*f + 249, -8*z + 6*z + f + 137 = 0. Let q be (0 - -12) + -2 + 1. What is the highest common divisor of q and z?
11
Let x(b) = 6*b**2 - 167*b - 24. Let y be x(28). Calculate the greatest common divisor of y and 668.
4
Suppose 0 = -56*h + 60*h - 256. Calculate the greatest common divisor of h and 16.
16
Let g(x) = x**2 - 5 - 7 + 6 - 2*x - 2*x. Let c be g(6). Let l(t) = t + 12. Let z be l(c). What is the highest common factor of 6 and z?
6
Suppose 2*x = -3*d + 59, 40 = 4*x + 3*d - 63. Calculate the greatest common divisor of x and 2.
2
Suppose -14*w - 2600 = -19*w. Calculate the highest common divisor of 13 and w.
13
Suppose 2*m - 113 = -3*j, 3*m - 6*j = -5*j + 153. What is the greatest common factor of 78 and m?
26
Let g(v) = -v**2 + 8*v + 6. Let x be g(8). Suppose -x = 4*m - 26. Let k be (-130)/4*(-6)/m. What is the highest common divisor of k and 13?
13
Suppose 30*t = 34*t - 480. What is the highest common factor of t and 105?
15
Let c = -93 - -117. What is the greatest common divisor of c and 16?
8
Let h be ((-198)/12 - -17)*304/2. Calculate the highest common divisor of h and 76.
76
Let u be (-3 - (90 + -8))*-1. Suppose -4*y + 7 = 5*d - 66, 0 = -5*y - 5*d + 90. What is the highest common factor of y and u?
17
Let d = 22 - 23. Let m be (-18)/(d + (-3 - -6)). Let h(n) = -n**3 - 10*n**2 - 13*n - 6. Let u be h(m). What is the highest common divisor of u and 270?
30
Let i = -2 - -5. Suppose 3*q = -i*l + 18, q - l - 9 = l. What is the highest common factor of q and 14?
7
Suppose q = -3*q + 44. What is the highest common divisor of 253 and q?
11
Let g(s) = -2*s**3 - s**2 - s. Let j be g(-1). Calculate the greatest common factor of j and 66.
2
Let l be ((-4)/10)/((-5)/275). Let k be -4 + 0 + (5 - 9) + 19. What is the highest common divisor of k and l?
11
Suppose 2*p = 3*h - 181, -3*p + 93 = -4*p - h. Let z = -42 - p. Suppose 4*f - 2*o = 20 + 26, 3*f - o = 33. What is the highest common divisor of f and z?
10
Let r = 96 - 75. Calculate the highest common factor of r and 21.
21
Let i be 284*(-1 - -2 - 0). Calculate the highest common factor of i and 213.
71
Suppose 0 = -10*c + 246 - 66. What is the highest common factor of 22 and c?
2
Let c(v) = -v**3 + 7*v**2 - 13*v + 13. Let m be c(3). Suppose -7*u + 100 = -3*u. What is the greatest common factor of m and u?
5
Let a = -82 - -167. Let j(n) = 8*n**3 + 2*n**2 - n - 4. Let p be j(-2). Let o = p + a. What is the highest common factor of 3 and o?
3
Suppose 5*y = -2*r + 440, -4*y + 341 - 1375 = -5*r. Calculate the greatest common divisor of 480 and r.
30
Let w = 468 + -100. Calculate the greatest common divisor of w and 48.
16
Suppose 6 = 2*z, 5*f + 46 = 5*z + 136. Let w be 2/10 + 1570/25. What is the greatest common factor of w and f?
21
Suppose 0 = -3*c - 31 + 67. Let v(n) be the first derivative of 33*n**4 + n**2/2 - n + 1. Let p be v(1). Calculate the highest common divisor of p and c.
12
Suppose 134*w = 126*w + 48. What is the highest common divisor of 18 and w?
6
Suppose -k = 3 - 7. Suppose 0 = -k*b - 6*b + 1540. Calculate the greatest common factor of b and 22.
22
Suppose 480 = 8*u + 88. Calculate the greatest common divisor of u and 14.
7
Let a(h) = h**3 + h**2 + 3. Let d be a(0). Suppose -d*b - 110 = -6*b - 5*u, 3*b + 2*u - 116 = 0. What is the greatest common divisor of 16 and b?
8
Suppose 2*x = 3*m + 1737, -35*x + 34*x = -m - 866. What is the greatest common divisor of 21 and x?
21
Let q be 30/(-4)*(4 - 1 - 5). Let g = 17 - q. Calculate the greatest common factor of g and 13.
1
Let j = -18 - -22. Let h be -4*9*(-2)/(-3). Let f = h - -64. Calculate the greatest common divisor of j and f.
4
Let c be 1 - (3 - -1) - -13. Suppose c = b - 19. Suppose 4*p - b = 91. Calculate the greatest common divisor of p and 6.
6
Let g be (-4)/(-3)*(-9)/(-6). Suppose 4*k - g*t - 40 = -2, 4*t - 32 = -4*k. What is the greatest common factor of 36 and k?
9
Let c = 144 - 133. Let f(g) = 2*g**2 - 12*g - 3. Let m be f(7). What is the greatest common factor of m and c?
11
Let x(y) be the third derivative of -11*y**4/24 - 8*y**3 - 23*y**2. Let a be x(-6). Calculate the highest common factor of a and 198.
18
Let s = -98 + 150. Suppose 8*h - 4*h - 86 = -j, -2*j + 3*h = -150. What is the greatest common factor of j and s?
26
Let m be 4 - (0 - 0) - -2. Let n(w) = w + 10. Let i be n(m). Suppose -3*k + 100 = 4*h, 3*h - 2*h + 5 = 0. What is the highest common divisor of k and i?
8
Suppose -2*c = 2*z - 174, -5*z + 5*c + 235 + 240 = 0. Calculate the greatest common divisor of z and 13.
13
Suppose -1 + 3 = 2*w. Let d = 27 - w. Suppose -124 = -5*m + d. What is the greatest common factor of 120 and m?
30
Suppose 2*i - 4 = -2. Let n be i + -3 + 21/1. What is the greatest common divisor of n and 152?
19
Let a(d) = d**3 + 9*d**2 + 8*d - 8. Suppose 4*x - 4 = 2*x. Let l be (x + 0)*77/(-22). Let g be a(l). What is the greatest common divisor of 85 and g?
17
Let q be 7/(-56) - (41165/(-40) + 3). What is the highest common factor of 27 and q?
27
Suppose 37 = 5*g - 3*h + 11, -5*g = 3*h - 14. Let w be (0 + 6)/((-36)/(-264)). What is the highest common divisor of g and w?
4
Suppose -3*k + 394 = 4. Let c be (2 - (7 - 4))*1. Let i be (780/45)/(c/(-3)). What is the greatest common factor of k and i?
26
Let l = 177 - 77. Suppose 3*r + b = 604, -5*r + 9*b - 4*b = -980. Suppose -15*p + 10*p = -r. What is the highest common divisor of l and p?
20
Let j(x) = -46*x + 521. Let h be j(8). Calculate the highest common divisor of h and 119.
17
Let b(a) = 12*a - 6. Let t be -3 + 2*(-22)/(-2). Let y = t - 16. Let j be b(y). What is the highest common factor of 45 and j?
15
Suppose 4*g = 6*g - 6, 42 = 2*n + 2*g. Calculate the highest common factor of n and 369.
9
Let w(q) = q. Let x(b) = -2*b + 1. Let s(u) = 15*w(u) + 6*x(u). Let r be s(8). Calculate the highest common divisor of r and 20.
10
Let b be (-11 + -1)*42/(-12). Suppose -2*d = 0, 3*w - 63 = -4*d + 2*d. Let f = b - w. Calculate the highest common factor of 147 and f.
21
Suppose 19*y - 17*y - 4*w - 12 = 0, -2*w + 34 = 3*y. What is the highest common divisor of y and 290?
10
Suppose 2*w = -3